13 - ((23 - -4) + -15).
-33
What is (18 + -95 - -137) + -44?
16
What is the value of -9 + (2 - 8 - -19 - 8)?
-4
24 - (60 + 3) - (8 - (5 + -1))
-43
-78 + 27 - (-119 + 14)
54
What is the value of (3 - 5 - (-2 + -2 + 49)) + -304 + 302?
-49
Evaluate 2 + 0 + (2 - 17) - (-2289 - -2394).
-118
Calculate (-19 - (-53 + -21 + 45)) + (-60 - 0).
-50
Evaluate (7 - (-17 + 21 + -1) - 20) + (6 - 1).
-11
Calculate -6 + -2 + 13 + 19 + -26 - (-1 + -17).
16
What is the value of -85 + 220 + -66 + -68?
1
-4 - (-55 - -15 - -2)
34
Evaluate -42 - (-24 + 0 + (-87 - -99)).
-30
-38 + (2 - 48 - -124)
40
Calculate 17 + -2 + (3759 + -3824 - (-7 - (1 + -3))).
-45
-12 + ((-6 - (-9 + 10)) + -1 - (17 + -114))
77
-14 + (-6 - 0) + 7 - (18 + 28)
-59
What is -5 - ((-19 - 30) + (0 - -2))?
42
What is -25 - -3 - (326 - 266) - -16?
-66
What is the value of 2 + 0 + 0 + -19 + (3 - (9 - 10))?
-13
Evaluate (89 - 0) + (12015 - 12052).
52
What is the value of -50 + -54 - (-263 + 111)?
48
What is the value of 1 + -5 - (-98 + 112) - (-49 + 1)?
30
What is -49 - (48 - 59) - (-6 + -72)?
40
What is the value of 1 - (-112 - -41) - (-2 + -33)?
107
Calculate -32 + 0 + 8 + -29.
-53
-9 + 1 - (100 + (-16 - (44 - 53)))
-101
What is 6 - (-81 + 39 + 21)?
27
-36 + -8 - (7 - (-1 + (-21 - -45)))
-28
170 - 270 - (54 - 4)
-150
Evaluate -6 + -95 + (490 - 435).
-46
What is the value of -618 + 610 + -8 + (-1 - (-4 - 0))?
-13
Evaluate 34 + -64 + (30 - -5).
5
(156 - (-346 + 491)) + (0 + 1 + 1 - -111)
124
What is the value of -7 + 64 + (-35 - 30)?
-8
What is the value of -9 + 8 + 10 + (0 - 65) + 44 + -38?
-50
Calculate -2 + 5 + (21 - -2 - (-119 - -100)).
45
What is the value of 1 + -1 + (432 - 414) + (1 - 9)?
10
What is the value of ((32 - 11) + -47 + 38 - 12) + (-6 - 1)?
-7
What is the value of 16 - (-2 + -3) - (172 + -41 - -16)?
-126
What is (61 - (-17 + 50)) + -41?
-13
12 + 0 + (-4 - -15 - (139 - 110))
-6
What is the value of (-1 + -8 - -3) + (-11 + -33 - -22) + 16?
-12
18 + -34 - -39 - (-13 + (7 - 12))
41
Calculate (-24 - 10 - -25) + -26.
-35
What is -7 + (-2 - -3 - -6 - (236 + -232)) + 8?
4
What is (29 - (14 - (4 + -22))) + -25?
-28
What is the value of 1 + 3 + (101 - (-49 + 156))?
-2
Calculate 63 - (-50 + 120) - (16 + -1).
-22
15 - (4 - (-10 + -9 - -49))
41
-50 + (87 - (-11 - -42)) + -27
-21
Calculate (15 - (-3 - -5)) + 7 + (126 - 83).
63
Evaluate (-3 - (-3 + -12)) + -1 + -608 + 604.
7
What is -2 + -10 + (-74 - (3 + 2 - 14))?
-77
What is the value of (-24 - (-54 - -16) - -90) + (-8 - (0 - 1))?
97
Calculate (8 - 5) + -3 + -90 + 17 + -27.
-100
Evaluate -6 + (4 - 1) + 14 + 36 - (5 + -4).
46
What is the value of 2727 - 2706 - (0 - ((2 - -1) + -3))?
21
What is the value of -192 + -52 + 132 - -2?
-110
What is 1 - -5 - (36 + 32 + -42 - 47)?
27
What is 0 + (-20 - ((-1 - -17) + (381 - 415)))?
-2
What is the value of -35 + 108 + (-2 - 26)?
45
Evaluate 23 + (-58 - (-13 + -15 + 13)).
-20
What is the value of -19 + ((-19 - 10) + 32 - -30)?
14
What is the value of 17 + (-9 - -8) - (58 - 5)?
-37
What is (-20 + -2 - (3 + -29 + (13 - -1))) + -76?
-86
What is -3 + 0 + -3 + 5 + (4 - 10) - 40?
-47
What is 20 + -7 + -21 + -1 + (1 - 50)?
-58
Evaluate -1 - 26 - (29 + (-59 - -29)).
-26
Evaluate (1 - ((9 + 4 - 1) + -1 + -6)) + -4.
-8
What is the value of -239 + 233 + -1 + 1 + -1 - 18?
-25
Evaluate (-38 - (-8 + -8 + 16)) + -13.
-51
What is the value of -12 + 1 + -1 - (-21 + -48 - -60)?
-3
-18 + 3 + 0 - ((32 + 11 - 29) + -9)
-20
What is the value of (-189 - -14) + (-427 - -505)?
-97
Evaluate 0 - (-20 + -4 + 0 + -167 + 169).
22
What is -4 + 9 + 1 + (10 - 0 - 0)?
16
What is (9 - -5 - (-245 - -244)) + -35?
-20
What is the value of -20 + (-12 - (-18 - -1)) - 4?
-19
What is -9 - (-66 - (-3 - -1) - (64 + -65 - 6))?
48
Evaluate -6 + -6 + 73 - (400 + -418).
79
What is -32 + 47 + -101 + 28?
-58
Calculate -3 - -6 - (50 - (15 + -18)).
-50
What is the value of (-10 + 31 - -4) + -32?
-7
What is the value of -1641 + 1468 + 95 + 3?
-75
Evaluate 23 + -95 + 27 + 5.
-40
-135 - (-69 + -66) - (31 + 0)
-31
What is (-40 - 14) + -21 + 83 + -1 + -6?
1
0 - -20 - ((-36 - (-35 + 33)) + -16)
70
Evaluate 122 + -8 + -98 + 17 + -1.
32
(1 - (-4 + 1)) + (2271 - 2332) - -9
-48
What is -8 - -86 - (396 - 388) - (2 + -8)?
76
What is -59 - (-23 + 28 + -51)?
-13
Calculate 48 + 1 - (-37 + (-18 - -41) + 15) - 10.
38
What is (1 + 1 - (-194 + 187) - 12) + -27?
-30
-36 + 33 - (-58 - -58 - ((2 - -74) + -1))
72
Calculate -37 + 37 + -10 + 43 - -63.
96
Calculate (3 - (-5 - (6 - 15))) + 9 + -53 + 17.
-28
Calculate (0 + -31 + 8 - -7) + -81 + 107 + 103.
113
848 + -932 - ((-1 - 8) + 3)
-78
Calculate -84 - (-68 - (25 - -31)).
40
Evaluate -87 - (-112 + (-23 - -101)).
-53
What is the value of (12 - (-5 - -17)) + -11 - -14?
3
Calculate 43 + (38 - 101) + 3 + -4.
-21
Evaluate -2 + -4 - (60 + 14 + -17 + -27).
-36
82 - 9 - 40 - 36
-3
(-7 - (-21 + 23 + 2)) + 0
-11
What is -65 - (-45 + 67 - 10)?
-77
Calculate -1 + 12 + 7 + (1 - -12) + -9.
22
What is the value of (-4 - 135 - (-13 - -5)) + 21 - -22?
-88
-65 + (113 - (75 + -56))
29
Evaluate 5 + -9 - -9 - (-67 + (27 - -11)).
34
Calculate (60 - 63) + 10 + -7 - (-1 - -19) - 3.
-21
What is the value of 75 + -121 + 70 + -51?
-27
What is the value of 14 - ((12 + -18 - 37) + 12 + 9)?
36
Evaluate -45 - (-48 - -144 - 123).
-18
Calculate 1 + -6 + 14 - ((-1 - 6 - 2) + 1).
17
What is (-27 + 15 - -2) + 10 + -22 + -9?
-31
(13 - 4 - (-3 + (-28 - -35))) + -1
4
What is the value of (-11 - -14) + -5 - 18?
-20
Evaluate -1 + 11 - ((-39 + 15 - -37) + (105 - 13)).
-95
-72 + -99 + 54 + 157
40
Evaluate (-19 - -33) + -34 - ((-7 - -18) + -129).
98
Calculate 0 + -69 - (-310 + 169).
72
(24 - -6) + (125 - 157) - (112 - (3 - -1))
-110
Evaluate -5 + (25 - (8 + 15 + -11) - (6 + 10)).
-8
(-16 + 88 - 29) + 2 + -30
15
Evaluate 46 + (-84 - -45) + 4.
11
Calculate 2 + 12 - (2487 + -2484).
11
(31 - (17 + (25 + -21 - 4))) + -132
-118
What is the value of 18 - (70 - (43 + 15))?
6
Calculate -90 + 104 + (-5 + 0 - ((-7 - 0) + 5)).
11
What is 50 + -43 - -119 - 138?
-12
Evaluate -41 + (-87 - -51) - -43.
-34
What is -71 + (6 - 7) + (-522 - -539)?
-55
What is 2 + 2 + 22 - ((-328 - -332) + 4 + 0)?
18
Evaluate (-76 - (16 - 15 - -30)) + 7.
-100
What is the value of 0 + -15 - (-614 - -609)?
-10
6 + -5 + (3 - (-7 - -12) - -34)
33
Evaluate (-5 - (91 + -99)) + 12.
15
Evaluate (26 + -32 - (11 + 87)) + (-15 - (-1 - 1)).
-117
(-42 - -20 - -23) + -19 - -66
48
What is the value of 45 - (118 - (35 - (2 - -48)))?
-88
Evaluate 10 + (9 + 65 - 18 - 4).
62
Calculate 14 - 1 - -7 - (-64 - -115).
-31
What is -2 + (-3 - -10) - (-2302 - -2205)?
102
What is (-4 - (6 - 16) - (-1 + 14)) + 53?
46
-83 - -93 - (3 - (39 + -5))
41
Calculate 0 + 3 - -23 - (-110 - -60 - -35).
41
Evaluate -45 + -60 + 157 + 34.
86
What is 53 - (68 + (-70 - -67))?
-12
What is the value of -5 + 7 + -5 + 13 - (40 + -53 + 26)?
-3
What is 15 + (-19 - -59) + -77?
-22
What is 7 + -17 + 16 + 0 + 22 + -54?
-26
63 - ((102 - 103) + (-2 + 0 - (-17 + 17)))
66
Evaluate -42 + -51 + -13 + 64 + -25.
-67
What is the value of -17 + 6 - (17 - 36 - -8)?
0
0 + 7 + -91 + 26 + 38 + -15
-35
What is the value of -9 - (36 + -20 + -6 + -1 + 0 + -1)?
-17
What is -7 - (-26 + -71 + 14)?
76
54 + 10 + -43 - (-4 + -51 + 4)
72
What is -1348 - -1254 - (-7 - 171)?
84
What is 4 - (42 + -27 + (2 - 10) + -18 + 117)?
-102
(33095 - 33111) + 54 + (0 + 1 - 0)
39
What is the value of -4 + (61 + -113 - 60) + (4 - 1)?
-113
What is (-37 - (0 - -2)) + (-17 + 8 - -23 - 20)?
-45
What is the value of 16 - ((-5 - (15 + -7 + -107)) + 9)?
-87
What is the value of 0 - 70 - (61 + (3 - 35) - 12)?
-87
What is 36 - (21 + 16 + -130) - 38?
91
Calculate -35 + 2 + (54 - -8 - 92).
-63
What is the value of (-7 - (2 - 3) - (1341 - 1353)) + -1 + 84?
89
What is the value of 41 + (-50 - 17) + 40?
14
Calculate -15 + -114 + 81 - -128.
80
What is -5 + -10 + (-40 - 2 - -18)?
-39
What is (42 - -1 - (-1021 - -1040)) + 11 - -1?
36
-49 + (93 - 42) + -16 + -58 + -1
-73
(25 - 5 - 10) + (11 - (3 + 2)) - 13
3
What is the value of 15708 + -15556 + 0 + -56?
96
Calculate 8 + (-18 - -9 - 8) + 82 + -74.
-1
Evaluate -5 + -27 + (122 - 130 - (-1 - -2)).
-41
What is (-537 - -568) + -46 + 1?
-14
What is -115 + 79 - -53 - -22?
39
What is 27 - ((18 + -10 - -1 - 15) + 11)?
22
(184 + -163 - (-2 + 7)) + (-70 - -7)
-47
What is the value of 3